 5. Let u be p(-10). What is the highest common factor of 10 and u?
5
Let a(u) = -10*u - 8. Let y be a(-2). Let z = -29 + 77. Calculate the greatest common factor of y and z.
12
Suppose -4*a + a = -180. Calculate the highest common factor of 36 and a.
12
Suppose 2*d + 1 = 3. Calculate the greatest common factor of 1 and d.
1
Let b(l) = 10*l**2 - 4*l. Let x be b(-4). Suppose 3*u - u = 44. Calculate the greatest common divisor of u and x.
22
Let j = 52 + -76. Let m = 64 + j. Calculate the highest common factor of m and 60.
20
Let a be -10*1*(-9 - -2). Let j = a + -50. Let s = 15 + -7. What is the highest common divisor of j and s?
4
Suppose 5*z = 393 - 93. What is the highest common divisor of z and 15?
15
Let c(q) be the second derivative of 3*q + 0 + 13/12*q**4 + 0*q**2 + 1/6*q**3. Let p be c(1). Calculate the greatest common divisor of p and 70.
14
Let g = -8 - -13. Suppose 2*q + 41 - 269 = -3*j, -2*q = -5*j - 212. Suppose g*v + 31 = q. What is the greatest common factor of 2 and v?
2
Let i(h) = 0*h - h**2 + 7*h + 3*h**2 - 3*h**2. Let j be i(5). What is the greatest common divisor of j and 25?
5
Let q(y) = 4*y - 2. Let o(z) = 7*z - 4. Let w(h) = -3*o(h) + 5*q(h). Let x be w(-2). Suppose x*p = -p + 50. What is the highest common divisor of p and 110?
10
Suppose t - 2 = 6. Let w = 1 + 0. Suppose -2*o = w - 81. What is the highest common factor of o and t?
8
Suppose -16*n - 27 = -19*n. What is the highest common divisor of 99 and n?
9
Let y(p) = -26*p + 8. Let i be y(-9). Suppose -2*n + 2 = -42. What is the greatest common divisor of i and n?
22
Let n(h) = -2*h + 19. Let x be n(4). What is the greatest common factor of x and 88?
11
Let f = -30 + 105. What is the highest common factor of f and 30?
15
Let l be (-18)/(-4)*(-224)/(-42). Calculate the greatest common divisor of l and 12.
12
Let k = -5 + 7. Suppose 192 = 2*v - k*l, 7*l = 4*l + 9. Calculate the highest common factor of v and 11.
11
Let d = 2 + 0. Let o = d - 0. Suppose 0 = o*t - 25 - 87. What is the greatest common factor of t and 7?
7
Let z(w) = 0*w + 2*w + 7*w - 9*w**2 + 4 + w**3. Let o be z(8). What is the greatest common divisor of 132 and o?
12
Let l = -202 - -400. Let p be (1 - 2)/(4 + (-356)/88). Calculate the highest common divisor of l and p.
22
Let h(p) = p**2 - 7*p - 3. Let i be h(8). Suppose 32 = o - 4*g - 173, i*o + 3*g = 933. What is the highest common factor of o and 21?
21
Let y(c) = 8*c - 3. Let n be 0*(-1)/(-3) + 3. Let a be y(n). What is the greatest common factor of 3 and a?
3
Let t = -64 + 133. Let l be 23 + 2 - 4/2. What is the greatest common divisor of t and l?
23
Let r = 18 - 12. Suppose -1 = 5*l + 4*d, 2*d - 14 = -2*l + 4*d. Suppose f + 96 = l*f. What is the highest common divisor of r and f?
6
Suppose 92 + 268 = 4*t. Suppose 40 = 5*l - t. Calculate the highest common factor of 182 and l.
26
Suppose 85 = -3*z + 325. What is the highest common divisor of z and 10?
10
Let a be (-129)/(-2) - (-3)/(-6). Suppose -4*u - 12 = -a. Calculate the greatest common factor of 13 and u.
13
Let b be (-8)/(-1 - 1) + -1. Suppose -5 + b = -m. Let g be -1*-1*2 + m. Calculate the highest common divisor of 4 and g.
4
Suppose -n - 616 = -5*n + 2*s, -771 = -5*n + 3*s. Let p = 14 + 3. Calculate the highest common factor of p and n.
17
Suppose -4*o + 2*v = 5*v - 1032, 3*o - 2*v = 791. What is the highest common divisor of 29 and o?
29
Let f be (2 - 1 - 2)*-1. Suppose 4*m - 11 = -4*z + 25, -z = -m + 1. Let y be ((-7)/(-4))/(1/z). Calculate the greatest common divisor of f and y.
1
Let n = 12 - 12. Suppose 8*k - 5*k - 144 = n. Calculate the highest common factor of k and 16.
16
Suppose -c + 12 = -0*c. What is the highest common divisor of c and 4?
4
Let r be 68 + (-1 - -1 - 0). Suppose 2*l + 8 = r. Let h be 50/(-4)*6/(-5). What is the greatest common factor of l and h?
15
Suppose -3*z = -8 + 5. Calculate the highest common divisor of z and 1.
1
Let s = -7 + 10. Let v = 21 + s. What is the greatest common divisor of 36 and v?
12
Let i be (-458)/(-10) - (-2)/10. What is the highest common divisor of 115 and i?
23
Let b = 109 - 176. Let p = -38 - b. Calculate the highest common divisor of 58 and p.
29
Let v(d) = d**3 + 2*d**2 - 2*d - 2. Let r be v(-2). Suppose 335 = -3*j - r*j. Let h = j - -157. Calculate the highest common factor of h and 10.
10
Let x(f) = -6*f - 3 - f**3 + 1 + 3 + 6*f**2. Let r be x(4). Let a(o) = -18*o. Let u be a(-2). What is the greatest common divisor of u and r?
9
Let c(q) = 2*q. Let r be c(6). Let f = 1 + r. Calculate the greatest common factor of 52 and f.
13
Let j(k) = -k**3 + 16. Let f be j(0). What is the greatest common factor of 16 and f?
16
Suppose -2*z - z + 9 = 0. Suppose 5*k - 4 = z*k. Suppose 7 + 5 = k*b. Calculate the greatest common factor of b and 6.
6
Let j = 168 + 191. Let k = j + -245. Suppose -k = -x - 2*x. What is the greatest common factor of 19 and x?
19
Let d be (3*1)/(0 + 1). Suppose 5*t - 226 = 3*t. Suppose -d*h + t = 32. What is the greatest common factor of h and 3?
3
Suppose -3*n - 2*k + 24 = -n, 0 = -4*n - k + 60. Let t be (-50)/(-3) - 4/6. What is the highest common factor of t and n?
16
Let v = -31 - -53. Calculate the highest common factor of 11 and v.
11
Suppose -20 = 4*p + x - 5*x, -3*p + 2*x - 11 = 0. Let g = 1 - p. Let f(s) = s**2 + 2*s - 8. Let y be f(-6). Calculate the greatest common factor of y and g.
2
Suppose -220 = -7*d + 2*d. Calculate the highest common factor of 11 and d.
11
Let h = -21 + 35. What is the greatest common factor of 126 and h?
14
Let w be 484/10*(-30)/(-12). Calculate the greatest common divisor of 11 and w.
11
Suppose 0 = 5*z - 217 - 53. Calculate the highest common factor of 18 and z.
18
Let u = 3 - 2. Let c be 2 + -2 + 1/u. Let s = 31 + c. Calculate the greatest common divisor of s and 4.
4
Let c = 100 - 96. Calculate the highest common divisor of c and 8.
4
Suppose 2*t - t = 11. Let s be 85 - ((-2 - 3) + 2). What is the greatest common divisor of s and t?
11
Let h = -28 + 15. Let i = h + 26. Suppose 0 = -3*u, 2*u + 134 = 3*g - 61. Calculate the greatest common divisor of g and i.
13
Let m be ((-8)/12)/(2/57). Let a = -7 - m. What is the highest common factor of 96 and a?
12
Let s = -1 + 4. Let w be -1*(6/(-5))/((-2)/(-5)). Calculate the highest common divisor of s and w.
3
Suppose -15 = -4*k - k. Suppose -1 = -k*z + 26. Let f = z - 1. Calculate the greatest common factor of 64 and f.
8
Suppose 0 = g + 4*m - 126, 0 = -4*g - m + 37 + 407. Suppose 2 = -4*z + g. What is the greatest common factor of 18 and z?
9
Suppose -5*w = -0*z - z - 447, 2*w = 4*z + 168. Suppose w = 2*d + 3*q, -5*q = -2*q. Calculate the greatest common factor of d and 9.
9
Suppose 2*w - 5*c = 16, -2*c + 21 = 2*w - 23. What is the highest common divisor of 27 and w?
9
Let u(w) = w - 6. Let r be u(5). Let j be 1 - (-1 + r*38). Calculate the greatest common factor of 16 and j.
8
Suppose -68 = -4*v - 24. Let n be 10/45 - (-7)/9. Suppose -p + 2*p - n = 0. What is the greatest common factor of v and p?
1
Suppose 3*j - 76 - 104 = 0. Let c be (-25)/1*(-28)/35. What is the highest common factor of j and c?
20
Suppose 4*m + 240 = 7*m. Calculate the highest common divisor of m and 10.
10
Let m(w) = -w**3 - 12*w**2 - 10*w + 9. Let o be m(-11). Let p = 6 + o. Calculate the greatest common factor of p and 16.
4
Suppose 7*i = -17 + 38. What is the greatest common divisor of i and 48?
3
Suppose -5*c + 3 = -2*f - 1, -2*f - 2*c - 4 = 0. Let x = f + 4. Suppose -2*d + x*u = -24, 3*d - 6*d = -4*u - 32. What is the greatest common divisor of 4 and d?
4
Suppose 12*m = -5*m + 51. Suppose -2*p = -3*p + 3*l + 12, 2*p - 2*l = 12. What is the greatest common divisor of p and m?
3
Let a be 596/10 - (-2)/5. Let w(m) = -15*m + 1. Let t be w(1). Let r = 29 + t. What is the greatest common factor of a and r?
15
Let z(l) = 5*l**3 - 3*l**2 + 3*l - 1. Let n be z(2). Calculate the highest common factor of n and 3.
3
Let p be 3*2*10/12. Suppose -4*k + 6*k = 5*c - 29, -c - 59 = p*k. Let i be 0/(-3) + -2 - k. What is the greatest common divisor of 20 and i?
10
Suppose 12 = 4*o - 3*o. Let z = 4 - 14. Let r = z - -34. What is the highest common factor of r and o?
12
Let i(a) = -a**2 + 21*a + 40. Let c be i(22). Calculate the greatest common divisor of 24 and c.
6
Let s be (